 y(-4).
-84
Let w(p) = -10*p**2 + 136*p - 21. Calculate w(15).
-231
Let z(i) = 78*i**2 - 11*i - 3. Calculate z(1).
64
Let d(w) = -w**2 + 24*w + 196. Give d(30).
16
Let b(t) = -t**3 - 12*t**2 - 177*t - 1573. Calculate b(-10).
-3
Let i(b) = b**2 + 300*b + 21197. Calculate i(-114).
-7
Let l(m) = -6*m**3 + 59*m**2 - 88*m + 973. Determine l(10).
-7
Let j(u) = -155*u - 872. Give j(-5).
-97
Let b(r) = 18354*r + 367075. Give b(-20).
-5
Let g(v) = -v**3 - 6*v**2 + 5*v + 25. Give g(-6).
-5
Let l(y) = 1358*y - 1577. Calculate l(1).
-219
Let r(i) = i**2 + 10*i + 20. What is r(-3)?
-1
Let r(c) = 17*c - 339. Give r(22).
35
Let u(i) = 5*i - 20. Calculate u(6).
10
Let t(y) = -212*y - 2555. Give t(-12).
-11
Let o(t) = -393*t - 3533. Give o(-9).
4
Let m(u) = -3*u**3 - 6*u**2 + 3*u + 1. Give m(1).
-5
Let v(m) = 2*m**3 + 143*m**2 - 69*m - 533. Determine v(-72).
-749
Let b(p) = -3*p**3 + p**2 - 11. Calculate b(0).
-11
Let x(t) = -t**3 - 10*t**2 + 31*t + 88. Calculate x(-12).
4
Let c(s) = 9*s**2 - 6*s - 101. Calculate c(-5).
154
Let f(h) = -h**3 - 30*h**2 + 104*h + 160. Determine f(-33).
-5
Let w(u) = u**3 + 9*u**2 + 53*u + 7. Determine w(-7).
-266
Let h(p) = -11*p**2 + 17*p - 567. Determine h(0).
-567
Let m(g) = -446*g + 11202. Calculate m(25).
52
Let b(a) = a**2 - 65*a - 2730. Calculate b(-29).
-4
Let l(h) = 3*h**2 - 792*h + 1578. Give l(262).
6
Let y(p) = 5*p**2 + 48*p - 47. Determine y(1).
6
Let t(i) = 31*i - 1612. Calculate t(60).
248
Let p(y) = 193*y**2 + 191*y + 2. Give p(-1).
4
Let h(q) = -9*q - 54. Calculate h(0).
-54
Let n(z) = 56*z**2 + 947*z - 100. Determine n(-17).
-15
Let b(z) = -79*z - 11. Determine b(4).
-327
Let b(v) = -v**3 + 14*v**2 + 43. Calculate b(13).
212
Let t(o) = o**3 - 70*o**2 + 469*o - 1765. What is t(63)?
-1
Let q(m) = -5*m**2 - 387*m + 230. Give q(-78).
-4
Let i(j) = 2*j**2 - 90*j - 2267. Give i(-18).
1
Let p(r) = 149*r - 29330. What is p(197)?
23
Let s(l) = 140*l**3 + 1258*l**2 - 6*l - 18. Give s(-9).
-126
Let s(q) = q**2 - 2*q - 2. Give s(-1).
1
Let w(v) = 11*v**3 + 7*v**2 - 46*v + 40. Determine w(1).
12
Let t(f) = -24*f + 191. Give t(8).
-1
Let n(x) = -x**2 - 54*x - 668. Calculate n(-16).
-60
Let q(p) = -2*p**2 + 74*p + 602. What is q(44)?
-14
Let x(u) = 1539*u - 15339. Give x(10).
51
Let l(c) = 5*c**3 + 8*c**2 + 8*c - 8. Give l(-3).
-95
Let b(l) = -l**2 + 51*l - 279. Determine b(6).
-9
Let s(c) = c**2 + 25*c + 14. Give s(-25).
14
Let c(k) = 2*k**3 + 8*k**2 - 34. Give c(-4).
-34
Let q(m) = 35*m + 43. Calculate q(0).
43
Let i(u) = 2*u**3 - 34*u**2 + 74*u + 136. Determine i(14).
-4
Let l(x) = x**3 + 5*x**2 - 4*x - 9. Determine l(-8).
-169
Let y(z) = -z**3 - 20*z**2 + 85*z + 1337. What is y(-21)?
-7
Let i(t) = 7*t**2 + 76*t + 58. Calculate i(-10).
-2
Let m(q) = q**3 + 24*q**2 + 28*q + 117. What is m(-23)?
2
Let q(u) = u**3 - 10*u**2 - 39*u + 290. What is q(11)?
-18
Let k(d) = 31*d - 657. Give k(17).
-130
Let a(k) = 164*k - 1900. Determine a(10).
-260
Let r(c) = 192*c + 1143. What is r(-6)?
-9
Let y(b) = -25*b + 269. What is y(13)?
-56
Let d(n) = -n**3 - 8*n**2 - 16*n - 12. Give d(-3).
-9
Let z(t) = t**3 - 30*t**2 - 39*t + 145. Determine z(31).
-103
Let x(i) = -i**3 - 11*i**2 + 34*i + 17. Determine x(4).
-87
Let u(d) = d**3 + 38*d**2 - 1322*d - 114. Calculate u(-60).
6
Let f(x) = 2*x**3 + 16*x**2 + 21*x + 5. Give f(-6).
23
Let k(n) = n**3 + 12*n**2 + 26*n + 37. Calculate k(-6).
97
Let r(t) = -548*t + 925. Calculate r(2).
-171
Let q(g) = -54*g + 2184. Give q(41).
-30
Let o(l) = -8*l**2 - 122*l - 447. What is o(-7)?
15
Let z(t) = t**3 + 141*t**2 + 1196*t + 1052. What is z(-132)?
-4
Let n(k) = -6*k**2 + 603*k - 11628. Give n(26).
-6
Let k(f) = -8*f**2 + 126*f + 30. Determine k(16).
-2
Let o(d) = -115*d**2 + 80*d + 83. What is o(-1)?
-112
Let g(b) = 50*b - 6. Determine g(-6).
-306
Let r(y) = y**2 + 78*y - 5219. What is r(-121)?
-16
Let g(r) = -141*r + 764. Give g(8).
-364
Let h(d) = -7721*d + 30883. Give h(4).
-1
Let v(k) = 45*k + 77. Give v(-3).
-58
Let z(v) = v**2 + 30*v + 146. Give z(-25).
21
Let a(d) = -2*d**2 - 54*d - 173. Determine a(-24).
-29
Let s(p) = 69*p**3 - 141*p**2 + 3. Determine s(2).
-9
Let q(c) = c**3 + 22*c**2 + 77*c + 73. Calculate q(-18).
-17
Let n(k) = 31*k + 336. Give n(-10).
26
Let t(z) = z**3 + 25*z**2 + 31*z + 735. What is t(-25)?
-40
Let x(o) = -153*o + 1179. Calculate x(4).
567
Let j(p) = -31*p**2 - 249*p + 23. What is j(-8)?
31
Let y(v) = 4*v**2 - 319*v - 70. What is y(80)?
10
Let l(d) = -65*d**2 - 2268*d + 260. What is l(-35)?
15
Let p(r) = r**2 - 342*r + 26426. Give p(224).
-6
Let v(o) = -o**3 + 40*o**2 + 51*o - 401. Calculate v(41).
9
Let g(x) = -536*x - 7490. What is g(-14)?
14
Let w(a) = -2119*a + 10588. Calculate w(5).
-7
Let c(b) = 8*b**3 + 39*b**2 - 50*b + 20. Determine c(-6).
-4
Let a(u) = -30*u**2 - 44*u - 1. Give a(-2).
-33
Let z(r) = r**2 + 47*r + 185. Calculate z(-42).
-25
Let r(k) = k**2 - 305*k - 11152. Calculate r(-33).
2
Let s(u) = -2*u**2 + 130*u + 1547. What is s(-10)?
47
Let y(u) = 3913*u + 125216. Calculate y(-32).
0
Let d(u) = 593*u - 1862. What is d(3)?
-83
Let j(k) = k**3 - 93*k**2 - 1494*k - 382. Give j(107).
46
Let g(q) = -q**3 + 12*q**2 - 43*q + 3. Give g(8).
-85
Let i(p) = 23*p**3 + 15*p**2 - 3*p - 2. Determine i(1).
33
Let r(w) = 99*w + 1080. What is r(-11)?
-9
Let o(g) = -8554*g - 51346. Determine o(-6).
-22
Let z(q) = q**3 + 28*q**2 + 163*q - 4. What is z(-8)?
-28
Let j(k) = -4*k**2 - 19*k - 20. Give j(-4).
-8
Let r(l) = -1732*l + 3461. Determine r(2).
-3
Let a(f) = f**2 + 42*f + 407. Calculate a(-15).
2
Let o(r) = 7*r**2 - 39*r + 57. Give o(4).
13
Let i(s) = s**2 - 4*s - 49. Determine i(7).
-28
Let v(m) = 232*m + 1129. Calculate v(-6).
-263
Let i(k) = -2*k**2 + 71*k + 3130. What is i(61)?
19
Let l(g) = 2*g**3 - 39*g**2 - 21*g - 12. Determine l(20).
-32
Let o(n) = 425*n + 321. Give o(0).
321
Let m(c) = c**2 + 737*c - 16773. Determine m(22).
-75
Let d(k) = 91*k + 14. Determine d(-1).
-77
Let l(o) = -210*o + 484. Calculate l(5).
-566
Let h(f) = 35*f**2 + 33*f + 1. What is h(-1)?
3
Let n(z) = -z**3 + 9*z**2 + 9*z - 38. Calculate n(-6).
448
Let c(t) = -t**3 - 50*t**2 - 30*t + 3176. Determine c(-48).
8
Let n(w) = -5*w**2 - 9*w + 116. Determine n(-6).
-10
Let y(r) = -44*r + 319. Calculate y(7).
11
Let x(f) = -2*f**2 - 44*f + 1. Calculate x(-22).
1
Let h(n) = 907*n**2 + 4*n + 1. Give h(-1).
904
Let i(a) = 5*a**3 - 162*a**2 + 355*a + 118. Give i(30).
-32
Let m(t) = -t**3 - 40*t**2 + 135. Calculate m(-40).
135
Let i(z) = -370*z + 91385. Give i(247).
-5
Let i(p) = p**2 + 70*p - 78. Give i(-69).
-147
Let t(a) = -82*a - 341. What is t(-4)?
-13
Let v(p) = 24*p - 3. Give v(-4).
-99
Let c(y) = -2*y**3 - 12*y**2 - 2*y - 9. What is c(-7)?
103
Let g(c) = -c**2 + 64*c - 115. What is g(27)?
884
Let n(p) = -48*p - 1643. What is n(-36)?
85
Let d(r) = -r**3 + 144*r**2 - 959*r - 80. Give d(137).
-80
Let k(q) = -61*q**3 - 6*q**2 + 6*q - 1. Determine k(1).
-62
Let c(b) = 55*b**2 + 118*b - 14. Give c(-2).
-30
Let h(v) = -8*v - 357. Determine h(-46).
11
Let c(m) = 2*m**2 - 67. Calculate c(-6).
5
Let o(y) = 72*y - 12180. Determine o(170).
60
Let m(c) = -c**2 - 35*c + 948. What is m(19)?
-78
Let i(g) = -28*g - 474. What is i(-18)?
30
Let j(p) = -p**3 + 8*p**2 + 2*p + 186. Calculate j(10).
6
Let d(v) = 49*v - 2327. Give d(51).
172
Let a(s) = s**3 + 4*s**2 - 22*s - 29. Calculate a(-11).
-634
Let t(a) = 11*a**2 - 4*a + 16. Give t(3).
103
Let u(t) = 155*t + 2999. What is u(-20)?
-101
Let z(y) = y**3 + 11*y**2 + 10*y - 23. Give z(-8).
89
Let u(j) = 7*j**2 - 483*j + 483. Give u(68).
7
Let a(v) = -v**3 + 22*v**2 + 28*v - 110. What is a(23)?
5
Let z(k) = k**2 - 134*k - 26817. Determine z(244).
23
Let y(f) = -f**3 + f**2 - 99*f + 6. Determine y(0).
6
Let o(j) = -632*j - 16452. Determine o(-26).
-20
Let j(a) = -a**3 - 2*a**2 + 11*a + 12. What is j(-3)?
-12
Let f(t) = -t**3 + t**2 + 20*t - 2. What is f(4)?
30
Let p(q) = -3*q**2 + 111*q - 25. What is p(37)?
-25
Let k(g) = g**2 + 17*g - 577. Determine k(-35).
53
Let j(r) = -2*r**3 - 190*r**2 + 190*r - 194. Calculate j(-96).
-2
Let v(h) = 2*h**2 + 35*h + 206. Determine v(-9).
53
Let p(h) = -76*h + 156. Calculate p(9).
-528
Let b(r) = 16*r + 1146. Determine b(-71).
10
Let y(b) = -b**2 - 9*b + 101. What is y(-11)?
79
Let q(w) = -1013*w + 28361. Give q(28).
-3
Let v(l) = 24